e greatest common factor of 401976 and 63?
9
What is the greatest common factor of 4 and 250752?
4
Calculate the greatest common factor of 6821131 and 17.
17
What is the greatest common divisor of 1675 and 15276?
67
What is the greatest common divisor of 110967 and 564?
141
Calculate the highest common factor of 14250 and 1006500.
750
What is the greatest common divisor of 393744 and 96?
48
What is the greatest common factor of 20376 and 1440?
72
What is the greatest common divisor of 2132 and 8788?
52
What is the greatest common factor of 57080 and 80?
40
What is the highest common factor of 321730 and 10?
10
What is the greatest common divisor of 16093 and 18487?
133
Calculate the highest common divisor of 8 and 17132.
4
Calculate the highest common factor of 130 and 8021.
13
What is the greatest common divisor of 4 and 29478?
2
What is the greatest common factor of 20916 and 1281?
21
Calculate the greatest common factor of 3641128 and 164.
164
Calculate the greatest common divisor of 134 and 142.
2
What is the highest common factor of 190 and 18506?
38
What is the greatest common factor of 2688 and 903?
21
Calculate the greatest common factor of 41360 and 235.
235
What is the greatest common factor of 438102 and 342?
342
What is the greatest common divisor of 1768 and 103688?
104
Calculate the highest common factor of 9360 and 6656.
208
What is the highest common divisor of 44 and 1940?
4
Calculate the highest common divisor of 3791 and 306.
17
What is the greatest common factor of 8769227 and 389?
389
What is the highest common divisor of 583892 and 2074?
122
Calculate the greatest common factor of 325 and 6188.
13
Calculate the greatest common divisor of 57810 and 1485.
15
What is the highest common divisor of 160 and 418656?
32
Calculate the greatest common divisor of 224250 and 69.
69
What is the greatest common divisor of 2018061 and 27?
27
Calculate the highest common factor of 13034 and 2254.
98
What is the greatest common divisor of 40245 and 8?
1
Calculate the greatest common divisor of 6188 and 77.
7
Calculate the greatest common factor of 210 and 160566.
42
What is the highest common factor of 641745 and 819?
117
What is the highest common divisor of 396081 and 378?
63
Calculate the highest common factor of 59511 and 183552.
717
Calculate the greatest common factor of 1532205 and 8295.
1185
What is the greatest common factor of 28350 and 1550?
50
Calculate the greatest common factor of 179 and 17900.
179
Calculate the greatest common factor of 221241 and 87.
87
What is the greatest common factor of 64 and 510944?
32
What is the greatest common factor of 16600 and 344?
8
Calculate the greatest common divisor of 290631 and 132.
33
Calculate the greatest common factor of 109115 and 15985.
695
Calculate the highest common factor of 4 and 3471928.
4
Calculate the greatest common divisor of 6 and 5433.
3
Calculate the greatest common divisor of 24168 and 1536.
24
Calculate the highest common factor of 7670 and 1140.
10
What is the highest common factor of 59030 and 20?
10
What is the highest common divisor of 14912 and 64?
64
Calculate the highest common divisor of 1188423 and 81.
9
Calculate the highest common factor of 2739 and 41316.
33
What is the highest common divisor of 41784 and 20?
4
What is the highest common divisor of 534080 and 320?
320
Calculate the highest common factor of 676 and 3143400.
676
Calculate the highest common factor of 33 and 409101.
33
What is the greatest common factor of 6974 and 8074?
22
Calculate the highest common divisor of 870038 and 307.
307
What is the greatest common divisor of 42 and 4144?
14
What is the highest common divisor of 1418615 and 440?
55
Calculate the highest common factor of 36 and 1014111.
9
Calculate the highest common factor of 559008 and 3456.
864
What is the greatest common divisor of 10044 and 32798?
62
What is the highest common divisor of 32000 and 768?
256
Calculate the highest common divisor of 564 and 150372.
12
Calculate the highest common factor of 15 and 659427.
3
What is the highest common factor of 23862 and 35916?
246
What is the greatest common factor of 5340 and 660?
60
What is the greatest common divisor of 2403 and 5696?
89
Calculate the greatest common factor of 187825 and 220.
55
What is the greatest common divisor of 195102 and 162?
54
Calculate the greatest common divisor of 9125 and 4526.
73
Calculate the highest common divisor of 505 and 74639.
101
Calculate the highest common divisor of 667 and 3289.
23
Calculate the highest common divisor of 3780 and 6980.
20
Calculate the greatest common divisor of 275955 and 105.
15
Calculate the highest common factor of 246521 and 1898.
73
What is the greatest common divisor of 776974 and 66?
22
Calculate the greatest common divisor of 6092124 and 444.
444
Calculate the highest common factor of 43745 and 325.
65
Calculate the highest common divisor of 23377 and 194.
97
Calculate the greatest common factor of 984022 and 156.
26
What is the highest common factor of 153120 and 8265?
435
What is the highest common divisor of 12518 and 3212?
22
Calculate the highest common divisor of 99267 and 261.
87
Calculate the greatest common factor of 16 and 154384.
16
Calculate the highest common divisor of 4 and 8336.
4
What is the greatest common divisor of 5 and 34795?
5
Calculate the highest common divisor of 1180 and 424505.
295
What is the highest common factor of 9 and 4001805?
9
Calculate the greatest common divisor of 44 and 393.
1
What is the highest common divisor of 1546 and 783049?
773
Calculate the highest common factor of 55530 and 90.
90
Calculate the highest common divisor of 35020 and 2771.
17
What is the greatest common factor of 673139 and 724?
181
Calculate the greatest common factor of 5877272 and 8.
8
Calculate the highest common factor of 4 and 27436.
4
What is the greatest common factor of 22028 and 12?
4
Calculate the greatest common factor of 3203520 and 710.
710
Calculate the highest common factor of 64704 and 37407.
1011
What is the greatest common divisor of 2949999 and 39?
39
What is the greatest common divisor of 209390 and 10?
10
What is the highest common factor of 110027 and 188?
47
Calculate the greatest common divisor of 1090 and 5290.
10
Calculate the highest common factor of 26 and 23387.
13
Calculate the greatest common factor of 2232287 and 17.
17
Calculate the highest common divisor of 5768 and 74572.
412
Calculate the highest common divisor of 91277 and 291.
97
Calculate the greatest common factor of 494 and 342.
38
Calculate the greatest common factor of 99 and 13491.
9
What is the highest common factor of 852687 and 638?
319
Calculate the highest common factor of 513 and 4725.
27
Calculate the greatest common factor of 222 and 384.
6
Calculate the greatest common factor of 159 and 19451.
53
Calculate the highest common divisor of 73988 and 212.
212
What is the greatest common factor of 2824 and 147554?
706
What is the greatest common divisor of 116040 and 2160?
120
What is the greatest common divisor of 2139 and 2418?
93
What is the highest common factor of 14944 and 112?
16
Calculate the greatest common divisor of 1387422 and 432.
54
What is the highest common factor of 3276 and 17550?
234
What is the highest common factor of 228 and 70146?
6
What is the greatest common divisor of 5561 and 469?
67
Calculate the highest common divisor of 1116 and 2358108.
1116
Calculate the greatest common divisor of 289896 and 8460.
564
Calculate the highest common factor of 128 and 119712.
32
Calculate the highest common divisor of 107429 and 22351.
721
What is the greatest common factor of 5083 and 67873?
299
What is the highest common divisor of 7548 and 128?
4
What is the highest common divisor of 3171 and 436239?
453
What is the greatest common divisor of 22 and 25762?
22
Calculate the greatest common factor of 476 and 6636.
28
What is the greatest common divisor of 1018622 and 242?
22
What is the highest common factor of 7785 and 217288?
173
What is the highest common divisor of 15 and 475050?
15
Calculate the greatest common factor of 10 and 1003790.
10
Calculate the greatest common divisor of 1240 and 403.
31
What is the highest common divisor of 174 and 143202?
174
Calculate the highest comm